 7391?
7
What is the thousands digit of 3332?
3
What is the thousands digit of 1003?
1
What is the units digit of 816?
6
What is the hundreds digit of 39185?
1
What is the tens digit of 45750?
5
What is the tens digit of 5960?
6
What is the hundreds digit of 3485?
4
What is the hundreds digit of 8155?
1
What is the hundreds digit of 12972?
9
What is the tens digit of 2513?
1
What is the units digit of 1623?
3
What is the tens digit of 1450?
5
What is the units digit of 42?
2
What is the tens digit of 15276?
7
What is the tens digit of 1185?
8
What is the units digit of 6301?
1
What is the ten thousands digit of 20887?
2
What is the hundreds digit of 1889?
8
What is the hundreds digit of 2385?
3
What is the thousands digit of 10796?
0
What is the tens digit of 564?
6
What is the tens digit of 2751?
5
What is the tens digit of 8624?
2
What is the thousands digit of 61659?
1
What is the units digit of 37?
7
What is the ten thousands digit of 103260?
0
What is the tens digit of 21926?
2
What is the ten thousands digit of 10184?
1
What is the ten thousands digit of 19072?
1
What is the hundreds digit of 632?
6
What is the hundreds digit of 17512?
5
What is the tens digit of 210?
1
What is the units digit of 15978?
8
What is the hundreds digit of 6563?
5
What is the tens digit of 66768?
6
What is the hundreds digit of 11616?
6
What is the units digit of 42540?
0
What is the units digit of 15991?
1
What is the hundreds digit of 7713?
7
What is the thousands digit of 1740?
1
What is the thousands digit of 4398?
4
What is the hundreds digit of 9115?
1
What is the units digit of 9959?
9
What is the hundreds digit of 9512?
5
What is the tens digit of 75650?
5
What is the units digit of 2556?
6
What is the hundreds digit of 38045?
0
What is the hundreds digit of 3542?
5
What is the hundred thousands digit of 159584?
1
What is the hundreds digit of 8843?
8
What is the units digit of 9977?
7
What is the units digit of 169?
9
What is the hundreds digit of 9208?
2
What is the units digit of 4088?
8
What is the ten thousands digit of 65468?
6
What is the units digit of 6575?
5
What is the units digit of 3071?
1
What is the ten thousands digit of 31623?
3
What is the hundreds digit of 484?
4
What is the tens digit of 12490?
9
What is the units digit of 25776?
6
What is the hundreds digit of 52793?
7
What is the units digit of 1249?
9
What is the ten thousands digit of 21197?
2
What is the hundreds digit of 8988?
9
What is the ten thousands digit of 21162?
2
What is the units digit of 1919?
9
What is the units digit of 1430?
0
What is the tens digit of 3485?
8
What is the thousands digit of 2406?
2
What is the hundreds digit of 126024?
0
What is the thousands digit of 2596?
2
What is the thousands digit of 8146?
8
What is the tens digit of 85386?
8
What is the tens digit of 298?
9
What is the hundreds digit of 1723?
7
What is the hundreds digit of 36216?
2
What is the tens digit of 4821?
2
What is the ten thousands digit of 158997?
5
What is the units digit of 33979?
9
What is the tens digit of 3501?
0
What is the tens digit of 814?
1
What is the tens digit of 2678?
7
What is the thousands digit of 5039?
5
What is the tens digit of 124089?
8
What is the hundreds digit of 235?
2
What is the thousands digit of 11583?
1
What is the thousands digit of 32874?
2
What is the units digit of 953?
3
What is the units digit of 1666?
6
What is the thousands digit of 48590?
8
What is the tens digit of 172?
7
What is the thousands digit of 8785?
8
What is the hundreds digit of 1590?
5
What is the hundreds digit of 1087?
0
What is the units digit of 1113?
3
What is the hundreds digit of 560?
5
What is the ten thousands digit of 17734?
1
What is the hundreds digit of 2589?
5
What is the tens digit of 34?
3
What is the units digit of 3985?
5
What is the tens digit of 215?
1
What is the thousands digit of 13185?
3
What is the tens digit of 12000?
0
What is the ten thousands digit of 12507?
1
What is the thousands digit of 4907?
4
What is the units digit of 3534?
4
What is the hundreds digit of 806?
8
What is the thousands digit of 5141?
5
What is the hundreds digit of 270?
2
What is the units digit of 9060?
0
What is the thousands digit of 2380?
2
What is the hundreds digit of 168494?
4
What is the hundreds digit of 15081?
0
What is the hundreds digit of 62610?
6
What is the units digit of 791?
1
What is the units digit of 4989?
9
What is the tens digit of 350?
5
What is the thousands digit of 6207?
6
What is the units digit of 1454?
4
What is the thousands digit of 1572?
1
What is the tens digit of 11786?
8
What is the hundreds digit of 25557?
5
What is the thousands digit of 2513?
2
What is the hundreds digit of 16617?
6
What is the units digit of 896?
6
What is the thousands digit of 1296?
1
What is the thousands digit of 2773?
2
What is the units digit of 64661?
1
What is the thousands digit of 20594?
0
What is the thousands digit of 8591?
8
What is the units digit of 1132?
2
What is the tens digit of 68759?
5
What is the hundreds digit of 5091?
0
What is the units digit of 3622?
2
What is the hundreds digit of 893?
8
What is the hundreds digit of 54977?
9
What is the tens digit of 4816?
1
What is the thousands digit of 6229?
6
What is the units digit of 67002?
2
What is the hundreds digit of 9393?
3
What is the thousands digit of 1978?
1
What is the tens digit of 1855?
5
What is the hundreds digit of 5004?
0
What is the units digit of 8058?
8
What is the units digit of 2838?
8
What is the units digit of 673?
3
What is the ten thousands digit of 11082?
1
What is the units digit of 662?
2
What is the tens digit of 7582?
8
What is the thousands digit of 37988?
7
What is the thousands digit of 1037?
1
What is the hundreds digit of 10794?
7
What is the ten thousands digit of 38029?
3
What is the hundreds digit of 2202?
2
What is the units digit of 2250?
0
What is the tens digit of 3825?
2
What is the hundreds digit of 4686?
6
What is the units digit of 605?
5
What is the units digit of 27622?
2
What is the ten thousands digit of 17556?
1
What is the tens digit of 974?
7
What is the ten thousands digit of 111901?
1
What is the thousands digit of 4025?
4
What is the units digit of 7581?
1
What is the thousands digit of 2634?
2
What is the hundreds digit of 90886?
8
What is the thousands digit of 20447?
0
What is the hundreds digit of 22778?
7
What is the hundreds digit of 614?
6
What is the thousands digit of 7963?
7
What is the units digit of 74?
4
What is the tens digit of 1023?
2
What is the hundreds digit of 8216?
2
What is the thousands digit of 78652?
8
What is the thousands digit of 1827?
1
What is the units digit of 964?
4
What is the thousands digit of 139834?
9
What is the units digit of 70029?
9
What is the hundreds digit of 257?
2
What is the hundreds digit of 1527?
5
What is the thousands digit of 8896?
8
What is the hundreds digit of 20778?
7
What is the thousands digit of 10026?
0
What is the thousands digit of 5121?
5
What is the hundreds digit of 27186?
1
What is the units digit of 22542?
2
What is the thousands digit of 5609?
5
What is the ten thousands digit of 23456?
2
What is the hundreds digit of 773?
7
What is the tens digit of 29646?
4
What is the hundreds digit of 12151?
1
What is the thousands digit of 2776?
2
What is the units digit of 1477?
7
What is the hundreds digit of 110148?
1
What is the thousands digit of 7712?
7
What is the hundreds digit of 934?
9
What is the hundreds digit of 19817?
8
What is the ten thousands digit of 17387?
1
What is the units digit of 5114?
4
What is the hundreds digit of 1173?
1
What is the tens digit of 7274?
7
What is the units digit of 82434?
4
What is the ten thousands digit of 64926?
6
What is the tens digit of 2343?
4
What is the units digit of 1498?
8
What is the units digit of 2717?
7
What is the units digit of 13741?
1
What is the units digit of 955?
5
What is the units digit of 204?
4
What is the units digit of 253?
3
What is the thousands digit of 1893?
1
What is the hundreds digit of 82081?
0
What is the units digit of 4451?
1
What is the hundreds digit of 645?
6
What is the hundreds digit of 4022?
0
What is the units digit of 38361?
1
What is the ten thousands digit of 43740?
4
What is the units digit of 7